{"id":1902,"date":"2020-09-15T19:04:00","date_gmt":"2020-09-15T17:04:00","guid":{"rendered":"https:\/\/potravinarstvo.com\/prax\/produkt\/import-placeholder-for-1129\/"},"modified":"2020-09-21T20:53:20","modified_gmt":"2020-09-21T18:53:20","slug":"borinka-zariadenie-socialnych-sluzieb-nitra","status":"publish","type":"product","link":"https:\/\/potravinarstvo.sk\/prax\/produkt\/borinka-zariadenie-socialnych-sluzieb-nitra\/","title":{"rendered":"&#8222;BORINKA&#8220; Zariadenie soci\u00e1lnych slu\u017eieb Nitra"},"content":{"rendered":"<p>&#8218;- evidencia syst\u00e9mu\u00a0 HACCP, vyhodnocovanie z\u00e1znamov,<\/p>\n<p>&#8211; sledovanie, resp. rozbor v\u00fd\u017eivov\u00fdch d\u00e1vok,<\/p>\n<p>&#8211; normovanie stravy,<\/p>\n<p>&#8211; zostavovanie nov\u00fdch recept\u00far,<\/p>\n<p>&#8211; obozn\u00e1menie sa s technol\u00f3giou pr\u00edpravy pokrmov.<\/p>\n","protected":false},"excerpt":{"rendered":"<p>Dolno\u010derm\u00e1nska 62, Nitra<br \/>\nzss-borinka@mail.t-com.sk<\/p>\n","protected":false},"featured_media":2014,"template":"","meta":[],"product_brand":[],"product_cat":[215],"product_tag":[312],"class_list":{"0":"post-1902","1":"product","2":"type-product","3":"status-publish","4":"has-post-thumbnail","6":"product_cat-potraviny-a-technologie-v-gastronomii","7":"product_tag-odborna-prevadzkova-prax","9":"first","10":"instock","11":"taxable","12":"shipping-taxable","13":"product-type-simple"},"_links":{"self":[{"href":"https:\/\/potravinarstvo.sk\/prax\/wp-json\/wp\/v2\/product\/1902","targetHints":{"allow":["GET"]}}],"collection":[{"href":"https:\/\/potravinarstvo.sk\/prax\/wp-json\/wp\/v2\/product"}],"about":[{"href":"https:\/\/potravinarstvo.sk\/prax\/wp-json\/wp\/v2\/types\/product"}],"wp:featuredmedia":[{"embeddable":true,"href":"https:\/\/potravinarstvo.sk\/prax\/wp-json\/wp\/v2\/media\/2014"}],"wp:attachment":[{"href":"https:\/\/potravinarstvo.sk\/prax\/wp-json\/wp\/v2\/media?parent=1902"}],"wp:term":[{"taxonomy":"product_brand","embeddable":true,"href":"https:\/\/potravinarstvo.sk\/prax\/wp-json\/wp\/v2\/product_brand?post=1902"},{"taxonomy":"product_cat","embeddable":true,"href":"https:\/\/potravinarstvo.sk\/prax\/wp-json\/wp\/v2\/product_cat?post=1902"},{"taxonomy":"product_tag","embeddable":true,"href":"https:\/\/potravinarstvo.sk\/prax\/wp-json\/wp\/v2\/product_tag?post=1902"}],"curies":[{"name":"wp","href":"https:\/\/api.w.org\/{rel}","templated":true}]}}