{"id":1903,"date":"2020-09-15T19:04:00","date_gmt":"2020-09-15T17:04:00","guid":{"rendered":"https:\/\/potravinarstvo.com\/prax\/produkt\/import-placeholder-for-1132\/"},"modified":"2022-09-13T11:25:46","modified_gmt":"2022-09-13T09:25:46","slug":"milsy-a-s","status":"publish","type":"product","link":"https:\/\/potravinarstvo.sk\/prax\/produkt\/milsy-a-s\/","title":{"rendered":"MILSY a.s."},"content":{"rendered":"<p>Popis \u010dinnost\u00ed a\u00a0po\u010det \u0161tudentov\u00a0 (na 1 semester)<\/p>\n<p>V\u00fdroba:<\/p>\n<p>Prev\u00e1dzkov\u00e1 prax\u00a0 \u2013 zapojenie sa do v\u00fdrobn\u00e9ho procesu na v\u0161etky zmeny (3 zmenn\u00e1 prev\u00e1dzka). Po\u010det: 10<\/p>\n<p>Odborn\u00e1 prax \u2013 obozn\u00e1menie sa so\u00a0smern\u00fdmi technologick\u00fdmi postupmi, sanita\u010dn\u00fdmi postupmi, HACCP a\u00a0ich aplik\u00e1ciou v\u00a0praxi.<\/p>\n<p>Po\u010det: 3<\/p>\n<p>&nbsp;<\/p>\n<p>Inov\u00e1cia a\u00a0 technol\u00f3gia:<\/p>\n<p>Odborn\u00e1 prax \u2013 pr\u00edprava vzoriek vyv\u00edjan\u00fdch v\u00fdrobkov , sledovanie technologick\u00fdch procesov vo v\u00fdrobe, v\u00fdpomoc pri vypracov\u00e1van\u00ed dokument\u00e1cie<\/p>\n<p>Po\u010det: 1<\/p>\n<p>&nbsp;<\/p>\n<p>Laborat\u00f3rium:<\/p>\n<p>Odborn\u00e1 prax \u2013 \u0161tudenti bud\u00fa zaraden\u00ed do mikrobiologick\u00e9ho resp. fyzik\u00e1lno chemick\u00e9ho laborat\u00f3ria. Bud\u00fa sa spolupodie\u013ea\u0165 na zbere, ozna\u010dovan\u00ed, zapisovan\u00ed a homogeniz\u00e1cii vzoriek. Obozn\u00e1mia sa s postupmi anal\u00fdz (chemick\u00e9 a\u00a0mikrobiologick\u00e9), \u00a0s pr\u00edpravou roztokov a\u00a0\u017eivn\u00fdch p\u00f4d, \u00a0pou\u017e\u00edvanie laborat\u00f3rnych denn\u00edkov. Zapoja sa do um\u00fdvania a\u00a0steriliz\u00e1cie laborat\u00f3rneho skla<\/p>\n<p>Po\u010det: 1+1<\/p>\n<p>&nbsp;<\/p>\n<p>Mana\u017ement kvality:<\/p>\n<p>Odborn\u00e1 prax \u2013 Obozn\u00e1menie sa so zaveden\u00fdmi normami IFS a\u00a0ISO 9001:2015, asistencia pri intern\u00fdch auditoch, \u00a0v\u00fdpomoc pri pr\u00e1ci s\u00a0dokument\u00e1ciou, \u00a0\u00a0sledovanie trendov,\u00a0 spracov\u00e1vanie podkladov k food fraud<\/p>\n<p>Po\u010det: 1<\/p>\n","protected":false},"excerpt":{"rendered":"<p>Partiz\u00e1nska 224\/B, SK-95701 B\u00e1novce nad Bebravou<br \/>\nkasubova@milsy.sk<\/p>\n","protected":false},"featured_media":2230,"template":"","meta":[],"product_brand":[],"product_cat":[227],"product_tag":[312],"class_list":{"0":"post-1903","1":"product","2":"type-product","3":"status-publish","4":"has-post-thumbnail","6":"product_cat-mlieko-a-mliecne-vyrobky-potravinarstvo","7":"product_tag-odborna-prevadzkova-prax","9":"first","10":"instock","11":"taxable","12":"shipping-taxable","13":"product-type-simple"},"_links":{"self":[{"href":"https:\/\/potravinarstvo.sk\/prax\/wp-json\/wp\/v2\/product\/1903","targetHints":{"allow":["GET"]}}],"collection":[{"href":"https:\/\/potravinarstvo.sk\/prax\/wp-json\/wp\/v2\/product"}],"about":[{"href":"https:\/\/potravinarstvo.sk\/prax\/wp-json\/wp\/v2\/types\/product"}],"wp:featuredmedia":[{"embeddable":true,"href":"https:\/\/potravinarstvo.sk\/prax\/wp-json\/wp\/v2\/media\/2230"}],"wp:attachment":[{"href":"https:\/\/potravinarstvo.sk\/prax\/wp-json\/wp\/v2\/media?parent=1903"}],"wp:term":[{"taxonomy":"product_brand","embeddable":true,"href":"https:\/\/potravinarstvo.sk\/prax\/wp-json\/wp\/v2\/product_brand?post=1903"},{"taxonomy":"product_cat","embeddable":true,"href":"https:\/\/potravinarstvo.sk\/prax\/wp-json\/wp\/v2\/product_cat?post=1903"},{"taxonomy":"product_tag","embeddable":true,"href":"https:\/\/potravinarstvo.sk\/prax\/wp-json\/wp\/v2\/product_tag?post=1903"}],"curies":[{"name":"wp","href":"https:\/\/api.w.org\/{rel}","templated":true}]}}