{"id":1912,"date":"2020-09-15T19:04:01","date_gmt":"2020-09-15T17:04:01","guid":{"rendered":"https:\/\/potravinarstvo.com\/prax\/produkt\/import-placeholder-for-1172\/"},"modified":"2023-01-11T13:55:02","modified_gmt":"2023-01-11T12:55:02","slug":"ambropek-spol-s-r-o","status":"publish","type":"product","link":"https:\/\/potravinarstvo.sk\/prax\/produkt\/ambropek-spol-s-r-o\/","title":{"rendered":"AMBROPEK, spol. s r.o."},"content":{"rendered":"<p>&#8218;- Obozn\u00e1menie sa s potravin\u00e1rskymi \u0161tandardmi IFS Food 6.1., TFS<br \/>\n&#8211; kontrola v\u00fdrobkov<br \/>\n&#8211; meranie kyslosti, pH, soli<br \/>\n&#8211; mana\u017eovanie cudz\u00edch predmetov<br \/>\n&#8211; kontrola zhody etikiet so \u0161pecifik\u00e1ciami<br \/>\n&#8211; vytv\u00e1ranie pracovn\u00fdch pokynov<br \/>\n&#8211; kontrola hygieny.<\/p>\n","protected":false},"excerpt":{"rendered":"<p>Malodvorn\u00edcka cesta 6566, Dunajsk\u00e1 Streda<\/p>\n<p>Ing. No\u00e9mi Hal\u00e1szov\u00e1 &#8211; \u00a0<a href=\"mailto:noemi.halaszova@ambropek.sk\" rel=\"noreferrer\">noemi.halaszova@ambropek.sk<\/a><\/p>\n<p>mobil: +421 905 283 938<\/p>\n","protected":false},"featured_media":2004,"template":"","meta":[],"product_brand":[],"product_cat":[229],"product_tag":[314],"class_list":{"0":"post-1912","1":"product","2":"type-product","3":"status-publish","4":"has-post-thumbnail","6":"product_cat-pekarenske-vyrobky-potravinarstvo","7":"product_tag-odborna-prax","9":"first","10":"instock","11":"taxable","12":"shipping-taxable","13":"product-type-simple"},"_links":{"self":[{"href":"https:\/\/potravinarstvo.sk\/prax\/wp-json\/wp\/v2\/product\/1912","targetHints":{"allow":["GET"]}}],"collection":[{"href":"https:\/\/potravinarstvo.sk\/prax\/wp-json\/wp\/v2\/product"}],"about":[{"href":"https:\/\/potravinarstvo.sk\/prax\/wp-json\/wp\/v2\/types\/product"}],"wp:featuredmedia":[{"embeddable":true,"href":"https:\/\/potravinarstvo.sk\/prax\/wp-json\/wp\/v2\/media\/2004"}],"wp:attachment":[{"href":"https:\/\/potravinarstvo.sk\/prax\/wp-json\/wp\/v2\/media?parent=1912"}],"wp:term":[{"taxonomy":"product_brand","embeddable":true,"href":"https:\/\/potravinarstvo.sk\/prax\/wp-json\/wp\/v2\/product_brand?post=1912"},{"taxonomy":"product_cat","embeddable":true,"href":"https:\/\/potravinarstvo.sk\/prax\/wp-json\/wp\/v2\/product_cat?post=1912"},{"taxonomy":"product_tag","embeddable":true,"href":"https:\/\/potravinarstvo.sk\/prax\/wp-json\/wp\/v2\/product_tag?post=1912"}],"curies":[{"name":"wp","href":"https:\/\/api.w.org\/{rel}","templated":true}]}}