{"id":1914,"date":"2020-09-15T19:04:02","date_gmt":"2020-09-15T17:04:02","guid":{"rendered":"https:\/\/potravinarstvo.com\/prax\/produkt\/import-placeholder-for-1179\/"},"modified":"2022-09-12T16:29:05","modified_gmt":"2022-09-12T14:29:05","slug":"vyskumne-centrum-agrobiotech","status":"publish","type":"product","link":"https:\/\/potravinarstvo.sk\/prax\/produkt\/vyskumne-centrum-agrobiotech\/","title":{"rendered":"V\u00fdskumn\u00e9 centrum AgroBioTech"},"content":{"rendered":"<p>2 \u0161tudenti na zimn\u00fd semester a 2 \u0161tudenti na letn\u00fd semester<\/p>\n<p>1) St. program: Technol\u00f3gia potrav\u00edn &#8211; \u0161tudent bude kolova\u0165 a prax bude orientovan\u00e1 na nasledovn\u00e9 oblasti: mlie\u010dne produkty, pek\u00e1rensk\u00e9 produkty, senzorick\u00e9 anal\u00fdzy, pivovarn\u00edctvo.<br \/>\n2) St. program: Aplikovan\u00e1 biol\u00f3gia, Agrobiotechnol\u00f3gie\u00a0 &#8211; \u0161tudent bude tie\u017e kolova\u0165 a jeho prax bude orientovan\u00e1 na nasledovne oblasti: analytika, mikroskopia a genetika.<\/p>\n","protected":false},"excerpt":{"rendered":"<p>Tr. A. Hlinku 2, 949 76 Nitra<br \/>\nlucia.gabriny@uniag.sk<\/p>\n","protected":false},"featured_media":2222,"template":"","meta":[],"product_brand":[],"product_cat":[195],"product_tag":[314],"class_list":{"0":"post-1914","1":"product","2":"type-product","3":"status-publish","4":"has-post-thumbnail","6":"product_cat-vyskum","7":"product_tag-odborna-prax","9":"first","10":"instock","11":"taxable","12":"shipping-taxable","13":"product-type-simple"},"_links":{"self":[{"href":"https:\/\/potravinarstvo.sk\/prax\/wp-json\/wp\/v2\/product\/1914","targetHints":{"allow":["GET"]}}],"collection":[{"href":"https:\/\/potravinarstvo.sk\/prax\/wp-json\/wp\/v2\/product"}],"about":[{"href":"https:\/\/potravinarstvo.sk\/prax\/wp-json\/wp\/v2\/types\/product"}],"wp:featuredmedia":[{"embeddable":true,"href":"https:\/\/potravinarstvo.sk\/prax\/wp-json\/wp\/v2\/media\/2222"}],"wp:attachment":[{"href":"https:\/\/potravinarstvo.sk\/prax\/wp-json\/wp\/v2\/media?parent=1914"}],"wp:term":[{"taxonomy":"product_brand","embeddable":true,"href":"https:\/\/potravinarstvo.sk\/prax\/wp-json\/wp\/v2\/product_brand?post=1914"},{"taxonomy":"product_cat","embeddable":true,"href":"https:\/\/potravinarstvo.sk\/prax\/wp-json\/wp\/v2\/product_cat?post=1914"},{"taxonomy":"product_tag","embeddable":true,"href":"https:\/\/potravinarstvo.sk\/prax\/wp-json\/wp\/v2\/product_tag?post=1914"}],"curies":[{"name":"wp","href":"https:\/\/api.w.org\/{rel}","templated":true}]}}