{"id":1919,"date":"2020-09-15T19:04:03","date_gmt":"2020-09-15T17:04:03","guid":{"rendered":"https:\/\/potravinarstvo.com\/prax\/produkt\/import-placeholder-for-1369\/"},"modified":"2022-09-12T16:18:59","modified_gmt":"2022-09-12T14:18:59","slug":"pivovar-trogar-s-r-o","status":"publish","type":"product","link":"https:\/\/potravinarstvo.sk\/prax\/produkt\/pivovar-trogar-s-r-o\/","title":{"rendered":"Pivovar Trog\u00e1r s.r.o."},"content":{"rendered":"<p>V\u00fdpomoc pri varen\u00ed piva, f\u013ea\u0161kovanie hotov\u00e9ho v\u00fdrobku, pomoc pri distrib\u00facii.<\/p>\n","protected":false},"excerpt":{"rendered":"<p>Biovetsk\u00e1 764, 949 05 Nitra-Horn\u00e9 Kr\u0161kany<br \/>\nwolfmartin88@gmail.com<\/p>\n","protected":false},"featured_media":2211,"template":"","meta":[],"product_brand":[],"product_cat":[235],"product_tag":[313],"class_list":{"0":"post-1919","1":"product","2":"type-product","3":"status-publish","4":"has-post-thumbnail","6":"product_cat-pivo-potravinarstvo","7":"product_tag-prevadzkova-prax","9":"first","10":"instock","11":"taxable","12":"shipping-taxable","13":"product-type-simple"},"_links":{"self":[{"href":"https:\/\/potravinarstvo.sk\/prax\/wp-json\/wp\/v2\/product\/1919","targetHints":{"allow":["GET"]}}],"collection":[{"href":"https:\/\/potravinarstvo.sk\/prax\/wp-json\/wp\/v2\/product"}],"about":[{"href":"https:\/\/potravinarstvo.sk\/prax\/wp-json\/wp\/v2\/types\/product"}],"wp:featuredmedia":[{"embeddable":true,"href":"https:\/\/potravinarstvo.sk\/prax\/wp-json\/wp\/v2\/media\/2211"}],"wp:attachment":[{"href":"https:\/\/potravinarstvo.sk\/prax\/wp-json\/wp\/v2\/media?parent=1919"}],"wp:term":[{"taxonomy":"product_brand","embeddable":true,"href":"https:\/\/potravinarstvo.sk\/prax\/wp-json\/wp\/v2\/product_brand?post=1919"},{"taxonomy":"product_cat","embeddable":true,"href":"https:\/\/potravinarstvo.sk\/prax\/wp-json\/wp\/v2\/product_cat?post=1919"},{"taxonomy":"product_tag","embeddable":true,"href":"https:\/\/potravinarstvo.sk\/prax\/wp-json\/wp\/v2\/product_tag?post=1919"}],"curies":[{"name":"wp","href":"https:\/\/api.w.org\/{rel}","templated":true}]}}