{"id":1933,"date":"2020-09-15T19:04:12","date_gmt":"2020-09-15T17:04:12","guid":{"rendered":"https:\/\/potravinarstvo.com\/prax\/produkt\/import-placeholder-for-1463\/"},"modified":"2022-09-12T16:25:24","modified_gmt":"2022-09-12T14:25:24","slug":"tajna-s-r-o","status":"publish","type":"product","link":"https:\/\/potravinarstvo.sk\/prax\/produkt\/tajna-s-r-o\/","title":{"rendered":"Tajn\u00e1 s.r.o."},"content":{"rendered":"<p>Prev\u00e1dzkov\u00e1 prax:<\/p>\n<p>&#8211; prebierka plodov, zelen\u00e9 pr\u00e1ce vo vinici, etiketovanie, fla\u0161ovanie, st\u00e1\u010danie v\u00edna, filtr\u00e1cia,<\/p>\n<p>Odborn\u00e1 prax:<\/p>\n<p>&#8211; pr\u00edprava z\u00e1kvasov, kontrola teploty a \u00fabytku cukru po\u010das ferment\u00e1cie, senzorick\u00e9 hodnotenie v\u00edna, vedenie evidencie do protokolov<\/p>\n","protected":false},"excerpt":{"rendered":"<p>Tajn\u00e1 163<br \/>\npeter.czako@vinotajna.sk<\/p>\n","protected":false},"featured_media":2217,"template":"","meta":[],"product_brand":[],"product_cat":[240],"product_tag":[312],"class_list":{"0":"post-1933","1":"product","2":"type-product","3":"status-publish","4":"has-post-thumbnail","6":"product_cat-vino-potravinarstvo","7":"product_tag-odborna-prevadzkova-prax","9":"first","10":"instock","11":"taxable","12":"shipping-taxable","13":"product-type-simple"},"_links":{"self":[{"href":"https:\/\/potravinarstvo.sk\/prax\/wp-json\/wp\/v2\/product\/1933","targetHints":{"allow":["GET"]}}],"collection":[{"href":"https:\/\/potravinarstvo.sk\/prax\/wp-json\/wp\/v2\/product"}],"about":[{"href":"https:\/\/potravinarstvo.sk\/prax\/wp-json\/wp\/v2\/types\/product"}],"wp:featuredmedia":[{"embeddable":true,"href":"https:\/\/potravinarstvo.sk\/prax\/wp-json\/wp\/v2\/media\/2217"}],"wp:attachment":[{"href":"https:\/\/potravinarstvo.sk\/prax\/wp-json\/wp\/v2\/media?parent=1933"}],"wp:term":[{"taxonomy":"product_brand","embeddable":true,"href":"https:\/\/potravinarstvo.sk\/prax\/wp-json\/wp\/v2\/product_brand?post=1933"},{"taxonomy":"product_cat","embeddable":true,"href":"https:\/\/potravinarstvo.sk\/prax\/wp-json\/wp\/v2\/product_cat?post=1933"},{"taxonomy":"product_tag","embeddable":true,"href":"https:\/\/potravinarstvo.sk\/prax\/wp-json\/wp\/v2\/product_tag?post=1933"}],"curies":[{"name":"wp","href":"https:\/\/api.w.org\/{rel}","templated":true}]}}