{"id":1937,"date":"2020-09-15T19:04:12","date_gmt":"2020-09-15T17:04:12","guid":{"rendered":"https:\/\/potravinarstvo.com\/prax\/produkt\/import-placeholder-for-1500\/"},"modified":"2022-09-12T16:20:34","modified_gmt":"2022-09-12T14:20:34","slug":"rosenau-s-r-o","status":"publish","type":"product","link":"https:\/\/potravinarstvo.sk\/prax\/produkt\/rosenau-s-r-o\/","title":{"rendered":"Rosenau s.r.o."},"content":{"rendered":"<p>Prev\u00e1dzka pek\u00e1renskej a lah\u00f4dk\u00e1rskej v\u00fdroby. Obozn\u00e1menie so zameran\u00edm prev\u00e1dzky, v\u00fdrobnou praxou, technologick\u00fdmi postupmi. Balenie, ozna\u010dovanie tovarov, z\u00e1kladn\u00e9 princ\u00edpy HACCP. Obozn\u00e1menie s podnikovou normou a technickou \u0161pecifik\u00e1ciou v\u00fdrobkov.<\/p>\n","protected":false},"excerpt":{"rendered":"<p>\u0160t\u00edtnick\u00e1 25, Ro\u017e\u0148ava<br \/>\nt.nemeth@agrotradegroup.sk<\/p>\n","protected":false},"featured_media":2213,"template":"","meta":[],"product_brand":[],"product_cat":[196],"product_tag":[314],"class_list":{"0":"post-1937","1":"product","2":"type-product","3":"status-publish","4":"has-post-thumbnail","6":"product_cat-potravinarstvo","7":"product_tag-odborna-prax","9":"first","10":"instock","11":"taxable","12":"shipping-taxable","13":"product-type-simple"},"_links":{"self":[{"href":"https:\/\/potravinarstvo.sk\/prax\/wp-json\/wp\/v2\/product\/1937","targetHints":{"allow":["GET"]}}],"collection":[{"href":"https:\/\/potravinarstvo.sk\/prax\/wp-json\/wp\/v2\/product"}],"about":[{"href":"https:\/\/potravinarstvo.sk\/prax\/wp-json\/wp\/v2\/types\/product"}],"wp:featuredmedia":[{"embeddable":true,"href":"https:\/\/potravinarstvo.sk\/prax\/wp-json\/wp\/v2\/media\/2213"}],"wp:attachment":[{"href":"https:\/\/potravinarstvo.sk\/prax\/wp-json\/wp\/v2\/media?parent=1937"}],"wp:term":[{"taxonomy":"product_brand","embeddable":true,"href":"https:\/\/potravinarstvo.sk\/prax\/wp-json\/wp\/v2\/product_brand?post=1937"},{"taxonomy":"product_cat","embeddable":true,"href":"https:\/\/potravinarstvo.sk\/prax\/wp-json\/wp\/v2\/product_cat?post=1937"},{"taxonomy":"product_tag","embeddable":true,"href":"https:\/\/potravinarstvo.sk\/prax\/wp-json\/wp\/v2\/product_tag?post=1937"}],"curies":[{"name":"wp","href":"https:\/\/api.w.org\/{rel}","templated":true}]}}