{"id":2127,"date":"2021-10-20T12:23:00","date_gmt":"2021-10-20T10:23:00","guid":{"rendered":"https:\/\/potravinarstvo.sk\/prax\/?post_type=product&#038;p=2127"},"modified":"2022-05-05T10:36:32","modified_gmt":"2022-05-05T08:36:32","slug":"eu-poultry-s-r-o","status":"publish","type":"product","link":"https:\/\/potravinarstvo.sk\/prax\/produkt\/eu-poultry-s-r-o\/","title":{"rendered":"EU Poultry s.r.o., Horn\u00e9 Saliby"},"content":{"rendered":"<p>Spracovanie kuracieho m\u00e4sa.<\/p>\n<p>Prax &#8211; okruhy:<\/p>\n<ol>\n<li>Riaden\u00e1 dokument\u00e1cia BRC- vyhodnotenie dokument\u00e1cie, n\u00e1pravn\u00e9 opatrenia, n\u00e1vrhy na zlep\u0161enie<\/li>\n<li>Riaden\u00e1 dokument\u00e1cia HACCP- vyhodnotenie dokument\u00e1cie, n\u00e1pravn\u00e9 opatrenia, n\u00e1vrhy na zlep\u0161enie<\/li>\n<li>Dispozi\u010dn\u00e9 rie\u0161enie prev\u00e1dzky- efekt\u00edvnos\u0165 akt. stavu\/ n\u00e1vrhy na zlep\u0161enie<\/li>\n<li>Kontrola v\u00fdrobn\u00fdch procesov- n\u00e1vrhy na zlep\u0161enie + n\u00e1pravn\u00e9 opatrenia<\/li>\n<li>Legislat\u00edva ozna\u010dovania potrav\u00edn- kontrola etikiet a porovnanie s aktu\u00e1lnymi legislat\u00edvnymi po\u017eiadavkami, n\u00e1pravn\u00e9 opatrenia<\/li>\n<\/ol>\n","protected":false},"excerpt":{"rendered":"<p style=\"margin: 0cm;\"><u>Kontaktn\u00e1 osoba: <\/u><\/p>\n<p style=\"margin: 0cm;\"><strong>Marek Mas\u00e1r, email: m.masar@<span class=\"markymwbtx1a7\" data-markjs=\"true\" data-ogac=\"\" data-ogab=\"\" data-ogsc=\"\" data-ogsb=\"\">poultry<\/span>eu.eu<br \/>\n<\/strong><\/p>\n<p><strong>\u00a0<\/strong><\/p>\n<p>&nbsp;<\/p>\n","protected":false},"featured_media":2128,"template":"","meta":[],"product_brand":[],"product_cat":[16,194],"product_tag":[],"class_list":{"0":"post-2127","1":"product","2":"type-product","3":"status-publish","4":"has-post-thumbnail","6":"product_cat-nezaradene","7":"product_cat-maso-a-masove-vyrobky","9":"first","10":"instock","11":"taxable","12":"shipping-taxable","13":"product-type-simple"},"_links":{"self":[{"href":"https:\/\/potravinarstvo.sk\/prax\/wp-json\/wp\/v2\/product\/2127","targetHints":{"allow":["GET"]}}],"collection":[{"href":"https:\/\/potravinarstvo.sk\/prax\/wp-json\/wp\/v2\/product"}],"about":[{"href":"https:\/\/potravinarstvo.sk\/prax\/wp-json\/wp\/v2\/types\/product"}],"wp:featuredmedia":[{"embeddable":true,"href":"https:\/\/potravinarstvo.sk\/prax\/wp-json\/wp\/v2\/media\/2128"}],"wp:attachment":[{"href":"https:\/\/potravinarstvo.sk\/prax\/wp-json\/wp\/v2\/media?parent=2127"}],"wp:term":[{"taxonomy":"product_brand","embeddable":true,"href":"https:\/\/potravinarstvo.sk\/prax\/wp-json\/wp\/v2\/product_brand?post=2127"},{"taxonomy":"product_cat","embeddable":true,"href":"https:\/\/potravinarstvo.sk\/prax\/wp-json\/wp\/v2\/product_cat?post=2127"},{"taxonomy":"product_tag","embeddable":true,"href":"https:\/\/potravinarstvo.sk\/prax\/wp-json\/wp\/v2\/product_tag?post=2127"}],"curies":[{"name":"wp","href":"https:\/\/api.w.org\/{rel}","templated":true}]}}