{"id":2249,"date":"2023-01-11T08:32:20","date_gmt":"2023-01-11T07:32:20","guid":{"rendered":"https:\/\/potravinarstvo.sk\/prax\/?post_type=product&#038;p=2249"},"modified":"2023-01-11T08:36:09","modified_gmt":"2023-01-11T07:36:09","slug":"farma-u-felixov-socialna-farmicka","status":"publish","type":"product","link":"https:\/\/potravinarstvo.sk\/prax\/produkt\/farma-u-felixov-socialna-farmicka\/","title":{"rendered":"FARMA U FELIXOV &#8211; soci\u00e1lna farmi\u010dka"},"content":{"rendered":"<p>Prax v malej rodinnej syr\u00e1rni na lazoch:<br \/>\n\u2022 Dojenie k\u00f4z<br \/>\n\u2022 V\u00fdroba syrov z kozieho mlieka<br \/>\n\u2022 V\u00fdroba bylinkov\u00fdch sirupov<br \/>\n\u2022 Evidencia v\u00fdroby<\/p>\n<p>O n\u00e1s<br \/>\n\u2022 Sme mal\u00e9 rodinn\u00e9 hospod\u00e1rstvo. Venujeme sa chovu k\u00f4z a v\u00fdrobe v\u00fdrobkov z kozieho mlieka.<br \/>\n\u2022 Vyr\u00e1bame klasick\u00e9 syry ako kozia hrudka, koz\u00ed syr na gril \u2013 typ Halloumi, \u00faden\u00e9 kozie syry a pasterizovan\u00e9 kozie mlieko. Cez leto u n\u00e1s n\u00e1jdete pr\u00edjemn\u00e9 miesto na kempovanie a dobrodru\u017en\u00e9 pr\u00e1zdniny.<br \/>\n\u2022 V r.2018 sa n\u00e1m narodila dc\u00e9rka s Downov\u00fdm syndr\u00f3mom. Preto sa okrem produkcie zameriavame aj na mimoproduk\u010dn\u00e9 \u010dinnosti. Pracujeme na princ\u00edpoch soci\u00e1lnej farmy. D\u00fafame, \u017ee raz poskytneme pracovn\u00e9 miesto na\u0161ej dc\u00e9rke a aj \u010fal\u0161\u00edm zdravotne a ment\u00e1lne znev\u00fdhodnen\u00fdm \u013eu\u010fom z bl\u00edzkeho okolia.<\/p>\n<p>Okrem na\u0161ej v\u00fdrobne V\u00e1m uk\u00e1\u017eeme aj \u010fal\u0161ie rodinn\u00e9 farmy v okol\u00ed.<br \/>\nSpracovanie ov\u010dieho mlieka, spracovanie kravsk\u00e9ho mlieka a aj pr\u00e1\u010dov\u0148u ov\u010dej vlny.<br \/>\nS priate\u013emi organizujeme ka\u017ed\u00fd t\u00fd\u017ede\u0148 gazdovsk\u00fd trh, ktor\u00fd m\u00f4\u017eeme nav\u0161t\u00edvi\u0165 spolo\u010dne.<br \/>\nV\u0161etky \u010fal\u0161ie inform\u00e1cie ve\u013emi radi poskytneme na uveden\u00fdch kontaktech.<\/p>\n<p>\u010co u n\u00e1s n\u00e1jdete<br \/>\nPsy, ma\u010dky, sliepky, ka\u010dky a samozrejme kozy.<br \/>\nPokoj, ve\u013ea slnka a kr\u00e1snu no\u010dn\u00fa oblohu.<br \/>\nV\u0161etky na\u0161e zvieratk\u00e1 s\u00fa kontaktn\u00e9 a priate\u013esk\u00e9.<br \/>\nV\u0161ade naokolo je kr\u00e1sna pr\u00edroda a nieko\u013eko zauj\u00edmav\u00fdch pamiatok, ktor\u00e9 sa ur\u010dite oplat\u00ed vo vo\u013enom \u010dase nav\u0161t\u00edvi\u0165 \u2013 opevnen\u00fd kl\u00e1\u0161tor Bzov\u00edk, hrad \u010cabra\u010f, Modr\u00fd Kame\u0148, k\u00fape\u013en\u00e9 meste\u010dko Dudince,\u2026<\/p>\n<p>&nbsp;<\/p>\n<p>Kontakt<br \/>\nWeb: farmaufelixov.sk<br \/>\nTelef\u00f3nne \u010d\u00edslo: 0903 134 444<br \/>\nEmail: ing.felixova@gmail.com<br \/>\nFB : Farma U Felixov<br \/>\nHorn\u00e9 Mladonice, okres Krupina<\/p>\n<p>&nbsp;<\/p>\n","protected":false},"excerpt":{"rendered":"<p>Prax v malej rodinnej syr\u00e1rni na lazoch: \u2022 Dojenie k\u00f4z \u2022 V\u00fdroba syrov z kozieho mlieka \u2022 V\u00fdroba bylinkov\u00fdch sirupov \u2022 Evidencia v\u00fdroby O n\u00e1s \u2022 Sme mal\u00e9 rodinn\u00e9 hospod\u00e1rstvo. Venujeme sa chovu k\u00f4z a v\u00fdrobe v\u00fdrobkov z kozieho mlieka. \u2022 Vyr\u00e1bame klasick\u00e9 syry ako kozia hrudka, koz\u00ed syr na gril \u2013 typ Halloumi, \u00faden\u00e9 [&hellip;]<\/p>\n","protected":false},"featured_media":2250,"template":"","meta":[],"product_brand":[],"product_cat":[196],"product_tag":[],"class_list":{"0":"post-2249","1":"product","2":"type-product","3":"status-publish","4":"has-post-thumbnail","6":"product_cat-potravinarstvo","8":"first","9":"instock","10":"taxable","11":"shipping-taxable","12":"product-type-simple"},"_links":{"self":[{"href":"https:\/\/potravinarstvo.sk\/prax\/wp-json\/wp\/v2\/product\/2249","targetHints":{"allow":["GET"]}}],"collection":[{"href":"https:\/\/potravinarstvo.sk\/prax\/wp-json\/wp\/v2\/product"}],"about":[{"href":"https:\/\/potravinarstvo.sk\/prax\/wp-json\/wp\/v2\/types\/product"}],"wp:featuredmedia":[{"embeddable":true,"href":"https:\/\/potravinarstvo.sk\/prax\/wp-json\/wp\/v2\/media\/2250"}],"wp:attachment":[{"href":"https:\/\/potravinarstvo.sk\/prax\/wp-json\/wp\/v2\/media?parent=2249"}],"wp:term":[{"taxonomy":"product_brand","embeddable":true,"href":"https:\/\/potravinarstvo.sk\/prax\/wp-json\/wp\/v2\/product_brand?post=2249"},{"taxonomy":"product_cat","embeddable":true,"href":"https:\/\/potravinarstvo.sk\/prax\/wp-json\/wp\/v2\/product_cat?post=2249"},{"taxonomy":"product_tag","embeddable":true,"href":"https:\/\/potravinarstvo.sk\/prax\/wp-json\/wp\/v2\/product_tag?post=2249"}],"curies":[{"name":"wp","href":"https:\/\/api.w.org\/{rel}","templated":true}]}}