{"id":2314,"date":"2024-09-17T15:46:15","date_gmt":"2024-09-17T13:46:15","guid":{"rendered":"https:\/\/potravinarstvo.sk\/prax\/?post_type=product&#038;p=2314"},"modified":"2024-09-17T15:46:18","modified_gmt":"2024-09-17T13:46:18","slug":"vinarstvo-promitor-vinorum-galanta","status":"publish","type":"product","link":"https:\/\/potravinarstvo.sk\/prax\/produkt\/vinarstvo-promitor-vinorum-galanta\/","title":{"rendered":"Vin\u00e1rstvo Promitor Vinorum &#8211; Galanta"},"content":{"rendered":"<p>\u00darodn\u00e1 \u00edlovito-hlinit\u00e1 p\u00f4da, \u010dernozem, bohat\u00e1 na dostatok \u017eiv\u00edn poskytuje vynikaj\u00facu lokalitu aj pre pestovanie\u00a0<a href=\"https:\/\/promitor-vinorum.sk\/vinohrady\/\">vini\u010da<\/a>, ktor\u00fa premie\u0148ame na tento pre n\u00e1s tak cten\u00fd \u0161\u013eachetn\u00fd n\u00e1poj\u00a0 \u2013 prav\u00e9 kvalitn\u00e9 v\u00edno. Vo vin\u00e1rstve Promitor Vinorum v\u00edno nevyr\u00e1bame, ale tvor\u00edme ich.<\/p>\n<p>Pr\u00e1ca vo vin\u00e1rstve.<\/p>\n<p><strong>Kontakt:<\/strong><\/p>\n<p><strong>mobil:\u00a0<\/strong><a href=\"tel:+421902955700\">+421 902 955 700<\/a><br \/>\n<strong>tel.:\u00a0<\/strong><a href=\"tel:+421317807680\">+421 31\/ 780 76 80<\/a><br \/>\n<strong>email:\u00a0<\/strong><a href=\"mailto:vinorum@promitor.sk\">vinorum@promitor.sk<\/a><\/p>\n","protected":false},"excerpt":{"rendered":"<p>\u00darodn\u00e1 \u00edlovito-hlinit\u00e1 p\u00f4da, \u010dernozem, bohat\u00e1 na dostatok \u017eiv\u00edn poskytuje vynikaj\u00facu lokalitu aj pre pestovanie\u00a0vini\u010da, ktor\u00fa premie\u0148ame na tento pre n\u00e1s tak cten\u00fd \u0161\u013eachetn\u00fd n\u00e1poj\u00a0 \u2013 prav\u00e9 kvalitn\u00e9 v\u00edno. Vo vin\u00e1rstve Promitor Vinorum v\u00edno nevyr\u00e1bame, ale tvor\u00edme ich. Pr\u00e1ca vo vin\u00e1rstve. Kontakt: mobil:\u00a0+421 902 955 700 tel.:\u00a0+421 31\/ 780 76 80 email:\u00a0vinorum@promitor.sk<\/p>\n","protected":false},"featured_media":2315,"template":"","meta":[],"product_brand":[],"product_cat":[16],"product_tag":[],"class_list":{"0":"post-2314","1":"product","2":"type-product","3":"status-publish","4":"has-post-thumbnail","6":"product_cat-nezaradene","8":"first","9":"instock","10":"taxable","11":"shipping-taxable","12":"product-type-simple"},"_links":{"self":[{"href":"https:\/\/potravinarstvo.sk\/prax\/wp-json\/wp\/v2\/product\/2314","targetHints":{"allow":["GET"]}}],"collection":[{"href":"https:\/\/potravinarstvo.sk\/prax\/wp-json\/wp\/v2\/product"}],"about":[{"href":"https:\/\/potravinarstvo.sk\/prax\/wp-json\/wp\/v2\/types\/product"}],"wp:featuredmedia":[{"embeddable":true,"href":"https:\/\/potravinarstvo.sk\/prax\/wp-json\/wp\/v2\/media\/2315"}],"wp:attachment":[{"href":"https:\/\/potravinarstvo.sk\/prax\/wp-json\/wp\/v2\/media?parent=2314"}],"wp:term":[{"taxonomy":"product_brand","embeddable":true,"href":"https:\/\/potravinarstvo.sk\/prax\/wp-json\/wp\/v2\/product_brand?post=2314"},{"taxonomy":"product_cat","embeddable":true,"href":"https:\/\/potravinarstvo.sk\/prax\/wp-json\/wp\/v2\/product_cat?post=2314"},{"taxonomy":"product_tag","embeddable":true,"href":"https:\/\/potravinarstvo.sk\/prax\/wp-json\/wp\/v2\/product_tag?post=2314"}],"curies":[{"name":"wp","href":"https:\/\/api.w.org\/{rel}","templated":true}]}}